*f - 9. Let g(h) = 2*l(h) - y(h). Give g(p).
-3
Let u(s) = s**2 + 6*s - 12. Let l(q) = -3*q**2 - 18*q + 32. Let n(k) = 4*l(k) + 11*u(k). Let y(z) = -z - 15. Let w be y(-12). Calculate n(w).
5
Let w(u) = -2*u**2 + 18*u - 21. Let c be w(7). Let v(t) = -t + 27. What is v(c)?
20
Let h(g) be the second derivative of 1/6*g**4 - 1/3*g**3 + 25 + 3*g - 2*g**2 + 1/20*g**5. Suppose 0 = 2*q + 5*i + 4 - 13, -i = -3. Determine h(q).
-7
Let v be -11*(332/(-3818) + (-24)/253). Let o(l) = -43*l - 6. Give o(v).
-92
Let f(j) be the second derivative of j**5/20 - j**4/12 - j**3/6 - 7*j**2/2 + j. Suppose -39*p = -7935 + 7818. Determine f(p).
8
Let c(y) = y + 3. Let u be (0 - (14 + -15)) + -4. Determine c(u).
0
Suppose 3*o + 112*j = 116*j - 4, 4*o + 5*j = 5. Let l(z) = -2*z**2 - z + 12. Determine l(o).
12
Suppose 33*l - 29*l - 4*q = 16, 5*q = 3*l - 16. Let n(w) = w**2 + 4*w - 6. Determine n(l).
6
Let b(t) = 266*t - 60*t - 19 - 112*t - 62*t. What is b(1)?
13
Let n(f) = -2*f**2 + 9*f - 18. Let l = 2499 + -2496. Calculate n(l).
-9
Let b(k) = -2*k**2 + 13*k + 28. Let g be b(-9). Let r = -249 - g. Let f(w) = 2*w**2 - 2*w - 1. Determine f(r).
3
Let h(r) = 157*r - 152*r + 12 - 15. Calculate h(2).
7
Suppose 26 + 10 = 12*a. Suppose 0 = -a*l - 19 - 5. Let o(n) = -n - 9. Determine o(l).
-1
Let b(z) = -3*z - 10. Let c(i) = 2*i**3 - 58*i**2 - 66*i + 176. Let a be c(30). Calculate b(a).
2
Let f = 172 + -170. Let o be (0/(-4))/(f + 1). Let i(a) = -a + 7. Give i(o).
7
Let o(q) be the first derivative of q**2 + 2*q - 12. Let c = -9 + 19. Let k be c/30*(-1 + 10). Give o(k).
8
Let t(u) be the third derivative of u**6/120 + u**5/60 - 5*u**4/24 + 2*u**3/3 + u**2 + 614*u. Give t(-3).
1
Let s(v) = v**3 - 8*v**2 + 15*v - 17. Let i be s(7). Suppose -34*r + 20 = -i*r. Let d(t) = t**3 + 3*t**2 - 4*t + 5. Give d(r).
5
Let l(q) be the first derivative of 7*q**2/2 + 62*q + 1894. Calculate l(-11).
-15
Let v be (-2)/(-2) - (-1 + 2). Let y(n) = -n + 23. Let l = -138 + 143. Let x(q) = q - 24. Let i(c) = l*y(c) + 4*x(c). What is i(v)?
19
Let x = -293 - -112. Let g = x + 190. Let d(s) = s**3 - 8*s**2 - 8*s - 8. Calculate d(g).
1
Let s(r) = -3*r - 420. Let w(g) = -4*g - 545. Let c(d) = 13*s(d) - 10*w(d). Let l be 0/2 - (-1 + -7). Determine c(l).
-2
Let m(j) be the second derivative of j**4/12 - 5*j**3/6 - 7*j**2/2 - 143*j - 2. Suppose -2*r = 5*c - 14, 4*c - 35 = -5*r - c. Calculate m(r).
7
Let m(r) = 5*r + 2. Let p be (21 + -18)/((-1)/1). Determine m(p).
-13
Let w(l) = -3*l**3 + 15*l**2 - 87*l + 42. Let a(i) = -i**3 - 14*i - 2. Let d(b) = -4*a(b) + w(b). Determine d(-17).
-1
Let u(m) be the third derivative of -m**8/10080 - m**7/5040 - m**6/720 - m**5/30 + m**4/8 - 2*m**2 - 2. Let g(b) be the third derivative of u(b). What is g(-1)?
-2
Let g(y) = y**2 + 15*y + 14. Suppose -6*u - 5*n = 32 + 41, -4*u + n - 53 = 0. Give g(u).
-12
Let i(y) = -15*y + 1. Let w be ((-3 + -87)*1)/1. Let h be (w/60)/((-6)/(-16)). Let d = 3 + h. Calculate i(d).
16
Let b(s) = -4*s + 4. Suppose 0 = -13*v + 99 - 34. Suppose -4*r + 14*p = 10*p - 12, -r + v*p - 17 = 0. What is b(r)?
-28
Let g(a) be the second derivative of a**7/840 - a**6/360 + a**5/120 + a**4/8 - 14*a**3 + a + 15. Let r(d) be the second derivative of g(d). Determine r(3).
24
Let n(a) be the third derivative of 7*a**4/4 + 15*a**3/2 + a**2 - 1164. Determine n(-1).
3
Let x(r) be the third derivative of r**4/24 + 10*r**3/3 + 2*r**2. Let f be (6/7*2)/(222/(-1554)). Give x(f).
8
Let g(y) be the second derivative of y**5/20 - 31*y**4/12 - y**3/6 + 33*y**2/2 + 485*y - 2. Determine g(31).
2
Let s(o) = -o**3 - 6*o**3 + 8*o**3 - 8*o**2 + 5 + 4 - 16*o. Determine s(10).
49
Let w(d) = -d**3 + 2*d**2 + 7*d + 26. Let q(y) = y**3 - y**2 - y + 8. Let g(u) = 2*q(u) - w(u). Give g(-3).
-100
Suppose 5*c - 3*k = -4*k + 10, 3*c = k + 6. Let p(s) = 8 + 0 + 1 + 0 + s**c. Let m = -22154 - -22154. Calculate p(m).
9
Suppose -2*f = 2*u - 14, -4*f + 1 = -3*f - 5*u. Let l(q) = f*q**2 - 5*q - 12*q**3 + 34*q**3 - 21*q**3 - 10. Determine l(-7).
-24
Let j(w) = 6 + 3*w - 5*w - w + 4*w. Suppose 2*n - 19 = -2*n - 3*i, 11 = 3*n - i. Suppose 0 = 2*d - 2*d - n*d. What is j(d)?
6
Let a be 2/4 + 33/(-22). Suppose -w = -3*d, 45 = 5*w - w + 3*d. Let k(c) = 4*c - 4*c + 1 - 4*c + w*c. Give k(a).
-4
Let x(t) be the first derivative of t**2/2 - 30*t - 7650. Calculate x(30).
0
Let h(n) = n**2 - 8*n + 15. Let b be 13/2 + (-5)/10. Let v be h(b). Suppose 6 = -3*g - v. Let r(q) = q**2 + 4*q - 1. What is r(g)?
-4
Let q = -2 + 10. Let g be (q/12)/(3/9). Let l(y) = -y - 12 - g*y + 4 + 2. Give l(-4).
6
Let o be ((-1)/(6/122))/((-9)/108). Let m = o + -247. Let a(s) = s**3 + 4*s**2 - 5*s - 2. What is a(m)?
22
Let h(j) = j**2 + 13 - 30 - 2*j**2 + 22 - 11*j. Let v be 2/18 - 1308/108. Calculate h(v).
-7
Let h(a) = -a**3 + 10*a**2 + 11*a. Let p be 4536/(-3888) + 73/6. Give h(p).
0
Let p(y) be the second derivative of -y**4/12 + 4*y**3/3 - 7*y**2 - 1192*y. Determine p(7).
-7
Let d(c) = c**3 - 7*c**2 + 17*c - 10. Let w(n) = -1289*n + 1294. Let g be w(1). Determine d(g).
25
Let o = -270 - -280. Let m(i) = -25 + 12 + o + 6 - 4*i. Calculate m(-6).
27
Let k(c) be the first derivative of -44 - c**3 + 3/2*c**2 + c. Determine k(-1).
-5
Suppose 0 - 2 = -2*d. Suppose 5*z + 15 = 0, 5*g - 2*z + 3*z = 7. Let c(f) = 1214*f + 3*f**3 + 0*f**3 - 1212*f - f**g - 4*f**3 - 1. What is c(d)?
-1
Let d(o) = 5*o - 23. Let l = -40 + 45. Let n be d(l). Suppose 0 = -7*s - 33 - n. Let w(g) = 3*g + 5. What is w(s)?
-10
Let v = 22913/548760 - 2/22865. Let c(t) be the third derivative of 0*t + v*t**4 + 49*t**2 - 19/6*t**3 + 0. Determine c(13).
-6
Let h(v) be the first derivative of v**4/4 + 8*v**3/3 + 9*v**2/2 - 24*v - 1487. What is h(-6)?
-6
Let s(o) = -o**2 + 14*o. Let p be s(14). Suppose 4*i + 2*t = 18, -5*t - 5 = 3*i - 1. Suppose p = i*w - 90 + 34. Let x(v) = 2*v - 10. Calculate x(w).
6
Suppose -1320 = 10*q - 90. Let v = -121 - q. Let j(d) = -8*d + 2. Give j(v).
-14
Suppose -8 = -2*r + 2*i, 5*r + 1 = -2*i - 14. Let k(s) = -61*s**3 + 3*s**2 + s - 1. Determine k(r).
62
Let g(v) = v**2 + 119*v - 46*v + 28 - 89*v. Determine g(14).
0
Let j(d) = 6*d - 255. Let a be j(43). Let w(y) = 7*y**2 - 8*y + 5. Calculate w(a).
44
Let w(i) = -i**2 + 3*i - 3. Suppose -2*z + 1 + 3 = 0. Let s = 146 - 134. Suppose -z = 2*v - s. What is w(v)?
-13
Let f(i) be the third derivative of -i**5/60 + 7*i**4/24 + 5*i**3/6 + i**2. Let c = -340 - -331. Let b(x) = -x**2 - 11*x - 11. Let k be b(c). What is f(k)?
5
Let k be (-74)/6 - (-77)/231. Let m(w) = w**3 + 13*w**2 + 11*w - 19. Determine m(k).
-7
Let s(w) = 14*w + 22. Let y(z) = 10*z + 449. Let u be y(-45). Give s(u).
8
Suppose 0 = 14*s - 38*s - 10 + 154. Let a(p) = -10*p + 19. Give a(s).
-41
Let f(v) = -v**3 - 9*v**2 - 9*v - 11. Let u be 8*20/(-8)*1/(-10). Suppose -u + 2 = 7*h. Suppose 9*c + 61 + 11 = h. What is f(c)?
-3
Let z be (1 - 0 - (273/14 - 18))*4. Let w(h) = 17*h**2 + 3*h + 3. What is w(z)?
65
Let q(n) be the second derivative of 5*n**3/3 - 17*n**2/2 - 1346*n. What is q(4)?
23
Let f(s) = -s**3 + s + 2. Let p(h) = 5*h**3 - 9*h**2 + 4*h - 6. Let r(a) = 4*f(a) + p(a). Give r(7).
-40
Let z(i) = -3*i**2 + 9*i + 9. Let l(f) = -f**2 + 1. Let c(o) = -4*l(o) + z(o). Let y(m) = -2*m**2 + 2*m - 4. Let q be y(2). Calculate c(q).
-3
Let q(s) be the third derivative of s**4/24 - s**3 + s**2. Let c(f) be the second derivative of 2*f**3 - 60*f**2 - f - 26. Let d be c(10). Give q(d).
-6
Let d(i) be the first derivative of 13*i - 11 + 1/2*i**2. Give d(-16).
-3
Suppose z = -4*w - 40, w - 13*z = -12*z - 15. Let y(r) = r**2 + 11*r - 2. What is y(w)?
-2
Let d(q) be the first derivative of -17*q**3/3 + 35*q**2/2 - 34*q - 8335. Give d(1).
-16
Let a(q) = 4*q - 23. Let d be a(7). Suppose -3*w = -4*m - 25, -d*m - w - 26 = -9. Let s(c) = -c**2 - 3*c - 5. What is s(m)?
-9
Let i(v) = v**3 + 8*v**2 - 23*v - 20. Suppose 5*x = -2*n, -4*n - x - 28 - 8 = 0. Let c be i(n). Let w(b) = b**3 - 9*b**2 - 12*b + 9. Calculate w(c).
-11
Let j(g) = g**2 - 13*g + 12. Let n = 107 - 88. Suppose -n*x + 12*x + 84 = 0. What is j(x)?
0
Let n(z) = 67*z**3 - 10*z**2 - z - 3. Let x(f) = -67*f**3 + 7*f**2 + f + 2. Let l(k) = -2*n(k) - 3*x(k). What is l(-1)?
-67
Suppose -10450 + 11672 = 94*p. Let t(i) = -2*i**2 + 28*i - 9. Give t(p).
17
Let q(g) = -10*g + 44. Let f(r) = -25*r**2